 by 549?
7
What is the remainder when 93759 is divided by 20?
19
What is the remainder when 10533 is divided by 133?
26
Calculate the remainder when 55195 is divided by 50.
45
What is the remainder when 3534 is divided by 21?
6
Calculate the remainder when 123328 is divided by 183.
169
Calculate the remainder when 1528 is divided by 166.
34
Calculate the remainder when 3143 is divided by 89.
28
What is the remainder when 3382 is divided by 479?
29
Calculate the remainder when 5340 is divided by 4867.
473
What is the remainder when 6730 is divided by 379?
287
Calculate the remainder when 5582 is divided by 42.
38
What is the remainder when 3353 is divided by 341?
284
What is the remainder when 322757 is divided by 4421?
24
Calculate the remainder when 49552 is divided by 1548.
16
What is the remainder when 43833 is divided by 261?
246
What is the remainder when 53493 is divided by 193?
32
Calculate the remainder when 46220 is divided by 402.
392
What is the remainder when 221935 is divided by 47?
1
What is the remainder when 1329 is divided by 331?
5
Calculate the remainder when 1790 is divided by 384.
254
Calculate the remainder when 224492 is divided by 422.
410
What is the remainder when 70389 is divided by 88?
77
What is the remainder when 76623 is divided by 5473?
1
What is the remainder when 243388 is divided by 44?
24
What is the remainder when 27055 is divided by 1927?
77
Calculate the remainder when 1870 is divided by 179.
80
Calculate the remainder when 13679 is divided by 282.
143
Calculate the remainder when 1725698 is divided by 2434.
2426
What is the remainder when 3688018 is divided by 45?
43
Calculate the remainder when 5210 is divided by 13.
10
What is the remainder when 10136 is divided by 3350?
86
What is the remainder when 7617 is divided by 628?
81
What is the remainder when 112328 is divided by 68?
60
Calculate the remainder when 54401 is divided by 13600.
1
Calculate the remainder when 6369 is divided by 295.
174
Calculate the remainder when 3949159 is divided by 71.
68
What is the remainder when 107595 is divided by 53779?
37
What is the remainder when 4196 is divided by 1023?
104
What is the remainder when 8658 is divided by 24?
18
Calculate the remainder when 66883 is divided by 17.
5
Calculate the remainder when 9822 is divided by 28.
22
What is the remainder when 235422 is divided by 11771?
2
Calculate the remainder when 34698 is divided by 1284.
30
Calculate the remainder when 161455 is divided by 230.
225
Calculate the remainder when 156282 is divided by 78134.
14
Calculate the remainder when 69723 is divided by 19.
12
What is the remainder when 102228 is divided by 102195?
33
Calculate the remainder when 2253 is divided by 268.
109
What is the remainder when 35771 is divided by 25?
21
Calculate the remainder when 708447 is divided by 132.
3
What is the remainder when 1422 is divided by 76?
54
What is the remainder when 23861 is divided by 43?
39
Calculate the remainder when 38199 is divided by 60.
39
What is the remainder when 4946 is divided by 4943?
3
What is the remainder when 590719 is divided by 65?
64
Calculate the remainder when 81346 is divided by 247.
83
Calculate the remainder when 3636 is divided by 214.
212
Calculate the remainder when 471 is divided by 338.
133
What is the remainder when 994138 is divided by 526?
524
Calculate the remainder when 12089 is divided by 1416.
761
What is the remainder when 29779 is divided by 13?
9
Calculate the remainder when 8061 is divided by 385.
361
What is the remainder when 72812 is divided by 8?
4
Calculate the remainder when 2835 is divided by 1243.
349
Calculate the remainder when 7828 is divided by 219.
163
Calculate the remainder when 5343 is divided by 99.
96
What is the remainder when 1754161 is divided by 46?
43
What is the remainder when 1441 is divided by 357?
13
What is the remainder when 2000 is divided by 398?
10
Calculate the remainder when 7831 is divided by 22.
21
Calculate the remainder when 13220 is divided by 11.
9
Calculate the remainder when 44031 is divided by 21953.
125
Calculate the remainder when 199850 is divided by 3506.
8
Calculate the remainder when 1707461 is divided by 87.
86
What is the remainder when 2348 is divided by 295?
283
What is the remainder when 71175 is divided by 238?
13
Calculate the remainder when 15160 is divided by 48.
40
What is the remainder when 141956 is divided by 12901?
45
What is the remainder when 460744 is divided by 31?
22
What is the remainder when 1247 is divided by 469?
309
What is the remainder when 11050 is divided by 328?
226
What is the remainder when 1007 is divided by 835?
172
What is the remainder when 8282 is divided by 2272?
1466
What is the remainder when 44758 is divided by 14917?
7
What is the remainder when 1178434 is divided by 169?
166
Calculate the remainder when 343759 is divided by 8814.
13
Calculate the remainder when 19399 is divided by 2923.
1861
What is the remainder when 119230 is divided by 69?
67
What is the remainder when 42983 is divided by 1076?
1019
Calculate the remainder when 222 is divided by 220.
2
What is the remainder when 12994 is divided by 72?
34
What is the remainder when 90197 is divided by 8199?
8
What is the remainder when 964986 is divided by 672?
666
Calculate the remainder when 19347 is divided by 82.
77
Calculate the remainder when 5239 is divided by 47.
22
What is the remainder when 62209 is divided by 300?
109
What is the remainder when 14679 is divided by 2094?
21
Calculate the remainder when 57588 is divided by 744.
300
Calculate the remainder when 3115 is divided by 953.
256
Calculate the remainder when 291565 is divided by 686.
15
Calculate the remainder when 14292 is divided by 79.
72
What is the remainder when 117087 is divided by 43?
41
Calculate the remainder when 14055 is divided by 5.
0
What is the remainder when 4907 is divided by 265?
137
What is the remainder when 9523 is divided by 680?
3
What is the remainder when 1377 is divided by 438?
63
Calculate the remainder when 183758 is divided by 1081.
1069
Calculate the remainder when 875721 is divided by 503.
501
What is the remainder when 93101 is divided by 22?
19
Calculate the remainder when 5830 is divided by 47.
2
What is the remainder when 91308 is divided by 10?
8
Calculate the remainder when 374099 is divided by 255.
14
What is the remainder when 849654 is divided by 23?
11
Calculate the remainder when 25997 is divided by 255.
242
What is the remainder when 22268 is divided by 937?
717
Calculate the remainder when 8222 is divided by 183.
170
Calculate the remainder when 898 is divided by 11.
7
Calculate the remainder when 14144 is divided by 21.
11
Calculate the remainder when 129093 is divided by 74.
37
Calculate the remainder when 75522 is divided by 37752.
18
Calculate the remainder when 64512 is divided by 464.
16
What is the remainder when 115258 is divided by 133?
80
Calculate the remainder when 4239 is divided by 53.
52
What is the remainder when 29337 is divided by 715?
22
What is the remainder when 14077 is divided by 204?
1
What is the remainder when 2985 is divided by 752?
729
What is the remainder when 19482 is divided by 241?
202
Calculate the remainder when 75744 is divided by 78.
6
Calculate the remainder when 8623 is divided by 2722.
457
What is the remainder when 41967 is divided by 47?
43
Calculate the remainder when 44688 is divided by 47.
38
What is the remainder when 537 is divided by 269?
268
Calculate the remainder when 61435 is divided by 1396.
11
Calculate the remainder when 2594 is divided by 1280.
34
Calculate the remainder when 115367 is divided by 30.
17
Calculate the remainder when 5676 is divided by 48.
12
What is the remainder when 13334 is divided by 62?
4
Calculate the remainder when 1182 is divided by 114.
42
What is the remainder when 23898 is divided by 245?
133
Calculate the remainder when 72305 is divided by 24094.
23
Calculate the remainder when 2825275 is divided by 393.
391
Calculate the remainder when 7241 is divided by 14.
3
What is the remainder when 43126 is divided by 459?
439
Calculate the remainder when 9848 is divided by 54.
20
What is the remainder when 36563 is divided by 26?
7
What is the remainder when 1252 is divided by 8?
4
What is